ivide 2351676?
False
Is 67 a factor of 42721?
False
Is 655690 a multiple of 986?
True
Is 290 a factor of 1282670?
True
Is 12 a factor of 275784?
True
Does 310 divide 2546960?
True
Is 22 a factor of 695999?
False
Does 26 divide 61646?
True
Does 280 divide 1011920?
True
Is 153 a factor of 323136?
True
Is 56 a factor of 3987648?
True
Is 357132 a multiple of 179?
False
Is 431060 a multiple of 109?
False
Does 16 divide 3016368?
True
Is 6 a factor of 89809?
False
Is 48 a factor of 3802320?
True
Is 68 a factor of 23399208?
True
Is 6107750 a multiple of 22?
True
Is 191 a factor of 10199591?
True
Does 11 divide 1758414?
False
Does 599 divide 18153294?
True
Does 181 divide 3927969?
False
Is 254309 a multiple of 25?
False
Does 646 divide 6184689?
False
Is 334 a factor of 1199728?
True
Is 4385111 a multiple of 326?
False
Is 259768 a multiple of 152?
True
Is 36 a factor of 115452?
True
Is 3454175 a multiple of 19?
False
Is 77935 a multiple of 26?
False
Is 1892536 a multiple of 94?
False
Does 164 divide 10418127?
False
Is 639 a factor of 44091?
True
Is 546313 a multiple of 31?
True
Is 162775 a multiple of 5?
True
Is 157 a factor of 309860?
False
Does 117 divide 321750?
True
Does 20 divide 2593772?
False
Is 222 a factor of 82758?
False
Is 1075200 a multiple of 525?
True
Is 254532 a multiple of 12?
True
Does 3 divide 2354137?
False
Is 1292999 a multiple of 111?
False
Is 171 a factor of 1746081?
True
Is 28241 a multiple of 8?
False
Is 73788 a multiple of 11?
True
Is 714200 a multiple of 25?
True
Is 84 a factor of 1240260?
True
Does 52 divide 72627?
False
Is 79580 a multiple of 2?
True
Does 14 divide 618072?
True
Is 1460005 a multiple of 29?
True
Does 207 divide 1565386?
False
Is 50 a factor of 60175?
False
Does 9 divide 2702394?
True
Is 7250819 a multiple of 340?
False
Is 34 a factor of 302378?
False
Does 425 divide 1000450?
True
Is 177 a factor of 4705545?
True
Does 98 divide 3475276?
True
Is 46852 a multiple of 52?
True
Does 228 divide 22784884?
False
Is 1745148 a multiple of 243?
False
Is 226 a factor of 741266?
False
Is 197935 a multiple of 121?
False
Is 52 a factor of 262392?
True
Is 19 a factor of 460696?
False
Does 10 divide 219160?
True
Is 68 a factor of 8441668?
False
Is 44 a factor of 295882?
False
Does 13 divide 8166718?
False
Is 46 a factor of 435252?
True
Does 63 divide 3582432?
True
Is 40 a factor of 520797?
False
Does 34 divide 32912?
True
Is 7 a factor of 1110844?
True
Does 66 divide 7168237?
False
Does 1574 divide 1100689?
False
Is 197 a factor of 3324955?
False
Is 10 a factor of 75628?
False
Is 7 a factor of 300097?
True
Is 1138287 a multiple of 80?
False
Does 54 divide 1683126?
True
Is 233 a factor of 129548?
True
Is 7360 a multiple of 2?
True
Is 120 a factor of 134760?
True
Is 223114 a multiple of 29?
False
Is 25 a factor of 438200?
True
Is 1824540 a multiple of 647?
True
Is 182 a factor of 156125?
False
Is 79228 a multiple of 30?
False
Is 26 a factor of 483704?
True
Is 9594774 a multiple of 1269?
False
Does 983 divide 1213829?
False
Is 401 a factor of 2385736?
False
Does 1179 divide 7497323?
False
Is 178 a factor of 12840?
False
Is 251 a factor of 7676584?
True
Is 26 a factor of 635310?
True
Is 152 a factor of 207607?
False
Is 2470106 a multiple of 2?
True
Is 641 a factor of 105021?
False
Is 1371810 a multiple of 66?
True
Does 224 divide 72570?
False
Is 3769926 a multiple of 10?
False
Is 21 a factor of 1501886?
False
Does 20 divide 815800?
True
Is 6 a factor of 129258?
True
Is 8 a factor of 1628002?
False
Does 15 divide 26820?
True
Does 868 divide 6937679?
False
Is 23 a factor of 369023?
False
Does 24 divide 179044?
False
Does 445 divide 8551565?
True
Is 1361094 a multiple of 29?
False
Is 12 a factor of 850188?
True
Is 5574566 a multiple of 8?
False
Does 28 divide 1091199?
False
Does 16 divide 817696?
True
Does 16 divide 2939824?
True
Is 47 a factor of 822735?
True
Does 30 divide 20254?
False
Is 162 a factor of 163639?
False
Is 87035 a multiple of 75?
False
Is 847016 a multiple of 97?
False
Is 804 a factor of 157355?
False
Is 357 a factor of 722119?
False
Is 145964 a multiple of 13?
True
Is 2099381 a multiple of 17?
True
Is 163917 a multiple of 27?
True
Is 6833764 a multiple of 114?
False
Is 2725005 a multiple of 9?
False
Is 385776 a multiple of 13?
False
Is 350207 a multiple of 341?
True
Is 45906 a multiple of 3?
True
Does 413 divide 966628?
False
Is 81516 a multiple of 61?
False
Does 82 divide 292617?
False
Is 1427009 a multiple of 23?
False
Does 38 divide 406334?
True
Does 105 divide 552002?
False
Does 10 divide 2084560?
True
Is 157828 a multiple of 374?
True
Does 2 divide 2995660?
True
Is 425 a factor of 51425?
True
Is 1726552 a multiple of 107?
True
Is 3949079 a multiple of 53?
False
Does 2 divide 741260?
True
Does 10 divide 2764219?
False
Does 119 divide 6821053?
False
Is 2685120 a multiple of 30?
True
Is 3672020 a multiple of 129?
False
Does 192 divide 61824?
True
Is 1243400 a multiple of 100?
True
Does 29 divide 4599122?
False
Is 75742 a multiple of 101?
False
Is 74674 a multiple of 123?
False
Is 5963689 a multiple of 223?
True
Is 102 a factor of 613368?
False
Does 10 divide 14848030?
True
Is 27 a factor of 32724?
True
Is 196 a factor of 330848?
True
Is 2346316 a multiple of 49?
True
Does 60 divide 65580?
True
Is 15 a factor of 132135?
True
Does 15 divide 3044203?
False
Does 23 divide 29701?
False
Is 94986 a multiple of 94?
False
Is 60446 a multiple of 8?
False
Is 99 a factor of 519880?
False
Does 26 divide 8294?
True
Is 2221220 a multiple of 556?
True
Is 4862864 a multiple of 142?
False
Is 157 a factor of 425941?
True
Does 15 divide 7289504?
False
Is 231486 a multiple of 37?
False
Is 6951013 a multiple of 24?
False
Does 48 divide 1002984?
False
Does 110 divide 2629550?
True
Is 544021 a multiple of 161?
False
Is 2770668 a multiple of 19?
False
Is 27 a factor of 34857?
True
Is 3 a factor of 6947?
False
Is 5889869 a multiple of 21?
False
Is 385164 a multiple of 18?
True
Does 12 divide 54944?
False
Does 4 divide 1264500?
True
Does 170 divide 1529320?
True
Is 224 a factor of 389984?
True
Does 20 divide 47900?
True
Is 5156010 a multiple of 885?
True
Is 3108254 a multiple of 64?
False
Is 223851 a multiple of 31?
True
Does 27 divide 107433?
True
Does 532 divide 15622712?
True
Is 105 a factor of 1908375?
True
Is 531962 a multiple of 19?
True
Does 53 divide 415385?
False
Is 72945 a multiple of 239?
False
Is 96 a factor of 1721491?
False
Is 42506 a multiple of 6?
False
Does 26 divide 3540732?
True
Is 489915 a multiple of 15?
True
Is 35985 a multiple of 32?
False
Is 374 a factor of 2614634?
True
Is 182551 a multiple of 37?
False
Is 254667 a multiple of 469?
True
Does 879 divide 13308939?
True
Does 164 divide 1375285?
False
Does 4 divide 127579?
False
Is 7 a factor of 63101?
False
Is 1366647 a multiple of 17?
True
Is 998210 a multiple of 21?
False
Does 56 divide 9855823?
False
Is 30 a factor of 1987260?
True
Is 369 a factor of 7639776?
True
Does 6 divide 21066?
True
Is 561 a factor of 20206600?
False
Is 7484400 a multiple of 840?
True
Does 64 divide 52480?
True
Is 60 a factor of 164451?
False
Does 558 divide 6403608?
True
Is 16 a factor of 230624?
True
Does 62 divide 1275898?
True
Does 2 divide 6513?
False
Is 190008 a multiple of 91?
True
Is 50 a factor of 588700?
True
Does 11 divide 906279?
True
Does 58 divide 12041902?
True
Is 1616670 a multiple of 10?
True
Is 6 a factor of 156894?
True
Does 82 divide 39850?
False
Does 24 divide 123437?
False
Does 12 divide 8635?
False
Is 7 a factor of 104000?
False
Does 18 divide 1131300?
True
Is 38580 a multiple of 6?
True
Does 234 divide 65286?
True
Is 25 a factor of 1008600?
True
Does 93 divide 4326604?
False
Does 532 divide 39551230?
False
Is 29871167 a multiple of 44?
False
Is 19 a factor of 29824?
False
Does 30 divide 430110?
True
Is 302330 a multiple of 14?
True
Does 133 divide 139517?
True
Is 55 a factor of 2843335?
True
Is 34 a factor of 155448?
True
Does 14 divide 71008?
True
Is 33450 a multiple of 15?
True
Is 62592 a multiple of 32?
True
Does 7 divide 63252?
True
Is 545 a factor of 4968220?
True
Does 12 divide 646464?
True
Is 11656302 a multiple of 7?
True
Is 7207128 a multiple of 145?
False
Is 25 a factor of 142916?
False
Does 44 divide 709687?
False
Is 12189106 a multiple of 16?
False
Does